{"id":50,"date":"2017-09-12T14:09:12","date_gmt":"2017-09-12T12:09:12","guid":{"rendered":"http:\/\/isv-feldkirch.at\/wordpress\/?page_id=50"},"modified":"2023-02-06T16:00:36","modified_gmt":"2023-02-06T15:00:36","slug":"willkommen-isv-feldkirch-indoor-schuetzen-verein","status":"publish","type":"page","link":"http:\/\/isv-feldkirch.at\/wordpress\/","title":{"rendered":"Willkommen &#8211; ISV Feldkirch &#8211; Indoor Sch\u00fctzen Verein"},"content":{"rendered":"<p style=\"text-align: center;\"><section class=\"l-section wpb_row height_medium\"><div class=\"l-section-h i-cf\"><div class=\"g-cols vc_row via_flex valign_top type_default stacking_default\"><div class=\"vc_col-sm-12 wpb_column vc_column_container\"><div class=\"vc_column-inner\"><div class=\"wpb_wrapper\"><div class=\"wpb_text_column\"><div class=\"wpb_wrapper\"><h4 style=\"text-align: center;\"><img loading=\"lazy\" decoding=\"async\" class=\"alignnone wp-image-167 size-full\" src=\"http:\/\/isv-feldkirch.at\/wordpress\/wp-content\/uploads\/2017\/09\/wilkommenisv.png\" alt=\"\" width=\"887\" height=\"220\" srcset=\"http:\/\/isv-feldkirch.at\/wordpress\/wp-content\/uploads\/2017\/09\/wilkommenisv.png 887w, http:\/\/isv-feldkirch.at\/wordpress\/wp-content\/uploads\/2017\/09\/wilkommenisv-300x74.png 300w, http:\/\/isv-feldkirch.at\/wordpress\/wp-content\/uploads\/2017\/09\/wilkommenisv-768x190.png 768w\" sizes=\"auto, (max-width: 887px) 100vw, 887px\" \/><\/h4>\n<h4 style=\"text-align: center;\"><strong>Willkommen &#8211; ISV Feldkirch &#8211; Indoor Sch\u00fctzen Verein<\/strong><\/h4>\n<p style=\"text-align: center;\"><strong>Leusb\u00fcndtweg 27 &#8211; 6800 Feldkirch<\/strong><\/p>\n<p style=\"text-align: center;\">\u00d6ffnungszeiten NUR f\u00fcr Mitglieder des Indoor Sch\u00fctzen Verein Feldkirch<\/p>\n<ul style=\"text-align: center;\">\n<li style=\"list-style-type: none;\">\n<ul>Montag 18.00 Uhr &#8211; 20.00 Uhr<\/ul>\n<\/li>\n<\/ul>\n<ul style=\"text-align: center;\">\n<li style=\"list-style-type: none;\">\n<ul>Mittwoch 18.00 Uhr &#8211; 20.00 Uhr<\/ul>\n<\/li>\n<\/ul>\n<ul style=\"text-align: center;\">\u00a0 \u00a0 \u00a0 \u00a0 \u00a0 Freitag 18.00 Uhr &#8211; 20.00 Uhr<\/ul>\n<p>&nbsp;<\/p>\n<p style=\"text-align: center;\"><img loading=\"lazy\" decoding=\"async\" class=\"alignnone size-full wp-image-175\" src=\"http:\/\/isv-feldkirch.at\/wordpress\/wp-content\/uploads\/2017\/09\/shootingsave-1.jpg\" alt=\"\" width=\"1000\" height=\"750\" srcset=\"http:\/\/isv-feldkirch.at\/wordpress\/wp-content\/uploads\/2017\/09\/shootingsave-1.jpg 1000w, http:\/\/isv-feldkirch.at\/wordpress\/wp-content\/uploads\/2017\/09\/shootingsave-1-300x225.jpg 300w, http:\/\/isv-feldkirch.at\/wordpress\/wp-content\/uploads\/2017\/09\/shootingsave-1-768x576.jpg 768w\" sizes=\"auto, (max-width: 1000px) 100vw, 1000px\" \/><\/p>\n<ul style=\"text-align: center;\">\n<li><a href=\"http:\/\/isv-feldkirch.at\/wordpress\/impressum\/\">Impressum ISV-Feldkirch<\/a><\/li>\n<li><a href=\"http:\/\/isv-feldkirch.at\/wordpress\/ehrenmitglieder-isv-feldkirch\/\">Ehrenmitglieder ISV-Feldkirch<\/a><\/li>\n<li><a href=\"http:\/\/isv-feldkirch.at\/wordpress\/vorstand-isv-feldkirch\/\">Vorstand ISV-Feldkirch<\/a><\/li>\n<\/ul>\n<p style=\"text-align: center;\">\n<\/div><\/div><\/div><\/div><\/div><\/div><\/div><\/section>\n","protected":false},"excerpt":{"rendered":"Willkommen &#8211; ISV Feldkirch &#8211; Indoor Sch\u00fctzen Verein Leusb\u00fcndtweg 27 &#8211; 6800 Feldkirch \u00d6ffnungszeiten NUR f\u00fcr Mitglieder des Indoor Sch\u00fctzen Verein Feldkirch Montag 18.00 Uhr &#8211; 20.00 Uhr Mittwoch 18.00...","protected":false},"author":1,"featured_media":0,"parent":0,"menu_order":0,"comment_status":"closed","ping_status":"closed","template":"","meta":{"footnotes":""},"class_list":["post-50","page","type-page","status-publish","hentry"],"_links":{"self":[{"href":"http:\/\/isv-feldkirch.at\/wordpress\/wp-json\/wp\/v2\/pages\/50","targetHints":{"allow":["GET"]}}],"collection":[{"href":"http:\/\/isv-feldkirch.at\/wordpress\/wp-json\/wp\/v2\/pages"}],"about":[{"href":"http:\/\/isv-feldkirch.at\/wordpress\/wp-json\/wp\/v2\/types\/page"}],"author":[{"embeddable":true,"href":"http:\/\/isv-feldkirch.at\/wordpress\/wp-json\/wp\/v2\/users\/1"}],"replies":[{"embeddable":true,"href":"http:\/\/isv-feldkirch.at\/wordpress\/wp-json\/wp\/v2\/comments?post=50"}],"version-history":[{"count":31,"href":"http:\/\/isv-feldkirch.at\/wordpress\/wp-json\/wp\/v2\/pages\/50\/revisions"}],"predecessor-version":[{"id":658,"href":"http:\/\/isv-feldkirch.at\/wordpress\/wp-json\/wp\/v2\/pages\/50\/revisions\/658"}],"wp:attachment":[{"href":"http:\/\/isv-feldkirch.at\/wordpress\/wp-json\/wp\/v2\/media?parent=50"}],"curies":[{"name":"wp","href":"https:\/\/api.w.org\/{rel}","templated":true}]}}

Willkommen &#8211; ISV Feldkirch &#8211; Indoor Schützen Verein

<p style="text-align: center;"><section class="l-section wpb_row height_medium"><div class="l-section-h i-cf"><div class="g-cols vc_row via_flex valign_top type_default stacking_default"><div class="vc_col-sm-12 wpb_column vc_column_container"><div class="vc_column-inner"><div class="wpb_wrapper"><div class="wpb_text_column"><div class="wpb_wrapper"><h4 style="text-align: center;"><img loading="lazy" decoding="async" class="alignnone wp-image-167 size-full" src="http://isv-feldkirch.at/wordpress/wp-content/uploads/2017/09/wilkommenisv.png" alt="" width="887" height="220" srcset="http://isv-feldkirch.at/wordpress/wp-content/uploads/2017/09/wilkommenisv.png 887w, http://isv-feldkirch.at/wordpress/wp-content/uploads/2017/09/wilkommenisv-300x74.png 300w, http://isv-feldkirch.at/wordpress/wp-content/uploads/2017/09/wilkommenisv-768x190.png 768w" sizes="auto, (max-width: 887px) 100vw, 887px" /></h4>
<h4 style="text-align: center;"><strong>Willkommen &#8211; ISV Feldkirch &#8211; Indoor Schützen Verein</strong></h4>
<p style="text-align: center;"><strong>Leusbündtweg 27 &#8211; 6800 Feldkirch</strong></p>
<p style="text-align: center;">Öffnungszeiten NUR für Mitglieder des Indoor Schützen Verein Feldkirch</p>
<ul style="text-align: center;">
<li style="list-style-type: none;">
<ul>Montag 18.00 Uhr &#8211; 20.00 Uhr</ul>
</li>
</ul>
<ul style="text-align: center;">
<li style="list-style-type: none;">
<ul>Mittwoch 18.00 Uhr &#8211; 20.00 Uhr</ul>
</li>
</ul>
<ul style="text-align: center;">          Freitag 18.00 Uhr &#8211; 20.00 Uhr</ul>
<p>&nbsp;</p>
<p style="text-align: center;"><img loading="lazy" decoding="async" class="alignnone size-full wp-image-175" src="http://isv-feldkirch.at/wordpress/wp-content/uploads/2017/09/shootingsave-1.jpg" alt="" width="1000" height="750" srcset="http://isv-feldkirch.at/wordpress/wp-content/uploads/2017/09/shootingsave-1.jpg 1000w, http://isv-feldkirch.at/wordpress/wp-content/uploads/2017/09/shootingsave-1-300x225.jpg 300w, http://isv-feldkirch.at/wordpress/wp-content/uploads/2017/09/shootingsave-1-768x576.jpg 768w" sizes="auto, (max-width: 1000px) 100vw, 1000px" /></p>
<ul style="text-align: center;">
<li><a href="http://isv-feldkirch.at/wordpress/impressum/">Impressum ISV-Feldkirch</a></li>
<li><a href="http://isv-feldkirch.at/wordpress/ehrenmitglieder-isv-feldkirch/">Ehrenmitglieder ISV-Feldkirch</a></li>
<li><a href="http://isv-feldkirch.at/wordpress/vorstand-isv-feldkirch/">Vorstand ISV-Feldkirch</a></li>
</ul>
<p style="text-align: center;">
</div></div></div></div></div></div></div></section>

Willkommen &#8211; ISV Feldkirch &#8211; Indoor Schützen Verein Leusbündtweg 27 &#8211; 6800 Feldkirch Öffnungszeiten NUR für Mitglieder des Indoor Schützen Verein Feldkirch Montag 18.00 Uhr &#8211; 20.00 Uhr Mittwoch 18.00...
